 be q(8). Calculate u(a).
-8
Let i be 4/10 - 2/5. Let x(p) = p**2 - 11*p. Let m be x(11). Let n(u) = 2 + m + u - 7 + 0. What is n(i)?
-5
Suppose -f - 5 = -0*f. Suppose -10*n - 2 = -11*n. Let r(h) = 0*h**3 - 3 - 5*h**2 - n*h**3 + h**3 + h + 1. Determine r(f).
-7
Let z(o) be the third derivative of 1/24*o**4 + 0*o - 1/3*o**3 - 3*o**2 + 0. Determine z(-5).
-7
Let r(f) = -f**2 + 23*f - 25. Let i be r(22). Let p(v) = -v**3 - 3*v**2 - 3*v + 4. What is p(i)?
13
Let q = -1 + 5. Let r(j) be the first derivative of -5/3*j**3 - 5*j + 1/4*j**4 + 3*j**2 + 3. What is r(q)?
3
Suppose -4*b + 24 = 8*b. Let f = -8 + 18. Let w(i) = -5*i + i + f*i + i**b. What is w(-6)?
0
Let m(z) = -z - 7. Let g be m(-11). Let s(u) = -2*u + g - 5 - 5. Let k = -3 - 1. Calculate s(k).
2
Suppose 2*k + 22 = 3*y, -4 = -5*y - 3*k + 1. Let z be (-3)/2 - y/8. Let i(a) = -a**3 - 3*a**2 - 2*a. Give i(z).
0
Let i(b) = 2*b**2 - 3*b + 1. Let u be (3*24/9)/2. Suppose u*n + 2 = v, -n + 4 = v + 2. Calculate i(v).
3
Let o(t) = -t**3 + 4*t**2 + 7*t - 7. Let k = 25 + -1. Let q = k + -19. Determine o(q).
3
Suppose -2*a = 0, 4 = -2*c + 3*a - 8. Let q(j) be the third derivative of -j**4/24 - j**3 + 8*j**2. Give q(c).
0
Let f(t) = -8*t + 1. Suppose a + 10 = -5*c, 5*a - 4*c - c - 10 = 0. Suppose -5*k - 1 = 3*j + 6, a = -2*j - 8. Calculate f(k).
-7
Let f(i) = 6*i - 2*i + 3 + i**2 - 2 + 3*i. What is f(-6)?
-5
Let a(s) = -3*s**3 + 5*s**2 - 12*s - 13. Let m(n) = n**3 + n + 1. Let q(p) = a(p) + 4*m(p). Determine q(-6).
3
Let a = 62 + -58. Let n(f) = 6*f - 2. Give n(a).
22
Let u(w) = -w**2 + 3*w - 1. Suppose 0 = -x - 0*x. Suppose 3*t - 4*g = x, -4*t = g + 10 - 29. Calculate u(t).
-5
Suppose 4*r = -3*p + 50, -p - 3*p - 3*r = -62. Let u = 20 - p. Let z(i) = -2*i + 1 + u - 3. What is z(5)?
-6
Let l(x) = x + 10. Let p be l(-6). Let z(d) = -d**3 + 3*d**2 + 3*d + 1. Calculate z(p).
-3
Let o(d) be the second derivative of -d**4/12 - d**3/2 - d**2 - 3*d. Determine o(-4).
-6
Let n(p) = p**2 - 4*p + 3. Let q = -5 + 0. Let d = q + 2. Let t(a) = a**3 + 3*a**2 + 4. Let i be t(d). Calculate n(i).
3
Suppose -2 = 3*k - n, 0 + 5 = -2*k - 3*n. Let u be (14/(-4) - k)*2. Let q(h) = -2*h + 1. Give q(u).
11
Let k(w) be the first derivative of -w**2/2 - w + 8. Determine k(5).
-6
Let t(q) = -q**2 - q - 6. Let r(i) = 2*i**2 - 5*i + 2. Let v be r(3). Let z = -5 + v. What is t(z)?
-6
Let s = -15 - -10. Let u(a) = -a**3 - 5*a**2 - 2*a - 5. Determine u(s).
5
Let w(j) = -j + 5. Let d(p) = p + 6. Let o be d(0). Let n(u) = -2*u + 7. Let i be n(o). Determine w(i).
10
Suppose 7*o + 20 = 3*o. Let p(a) = -5*a**2 + 2*a - 2*a - a**3 + 0*a - 5. Determine p(o).
-5
Let o = -2 - -2. Let y = -1 - o. Let i be (0 - (-1 - 0))*y. Let x(b) = 8*b. Determine x(i).
-8
Let z(u) = -33*u + 3 + 33*u - u**2. Calculate z(3).
-6
Let k(z) be the second derivative of z**5/20 - z**4/3 - z**3/6 + 3*z**2/2 - z. Let j(b) = -b**2 - 4*b. Let x be j(-3). Give k(x).
-9
Suppose -3*x = -5*l - 26, -5*x + 14 = -2*l + l. Let d be x/(-5) + (-12)/20. Let z(u) be the third derivative of 7*u**4/24 + u**3/6 - 2*u**2. What is z(d)?
-6
Let i(u) = u**3 + 3*u**2 + 2*u - 1. Let b be ((-222)/(-15))/((-2)/(-10)). Let v be b/(-14) + 12/42. Let y = -7 - v. Give i(y).
-1
Let d be ((-2)/(-4))/((-1)/4). Let k(x) = -x + 2. Give k(d).
4
Let s(k) = 2*k**3 + 38*k**2 + 5 - 13*k**2 - 3*k**3 - 19*k**2 - 7*k. Calculate s(4).
9
Let f be (-6)/4 + 18/(-4). Let n(r) be the second derivative of -r**5/20 - r**4/2 - r**3/3 - 3*r**2/2 - 2*r. What is n(f)?
9
Let i(j) = -j**2 + 1. Let f(g) = 3*g**2 + g - 5. Let s(o) = -f(o) - 4*i(o). Let t(x) = x**2 - 4*x + 4. Let z(a) = 4*s(a) - t(a). Give z(-1).
3
Suppose 0 = -o + 5 - 2. Let r = -4 - -9. Let y(u) = 5*u - r*u - 3 + u. Give y(o).
0
Suppose -2*a + 0*a + 8 = 0. Let i(f) = 0*f + 5 + 2*f - a*f. Let c = -2 + 7. Determine i(c).
-5
Let r(j) = 7*j + 21*j**3 + 5 - 68*j**3 - 7*j**2 + 23*j**3 + 25*j**3. Calculate r(6).
11
Let f(i) = -i**3 + i**2 + 3*i - 1. Suppose 0 = 4*k - 4, -3*q + 0*q + 2*k = -7. Give f(q).
-10
Let p(u) = -6*u - 1. Let m be (4 - 4) + 6/(-2). Let q = m - -5. Calculate p(q).
-13
Suppose 0 = 4*g + 17 - 5. Let o(y) = -y - 1. Let c be o(g). Let u(q) = -2*q + 3*q + 0*q + 1 - c*q. Calculate u(0).
1
Let x(a) = 7*a - 7. Let q(l) = -3*l + 3. Let w(v) = -5*q(v) - 2*x(v). Determine w(-5).
-6
Let l(i) = -2*i**3 - 2*i**2 + 2*i + 2. Suppose 0 = 22*q - 17*q + 10. What is l(q)?
6
Let t = 54 - 50. Let l(x) = x + 2. What is l(t)?
6
Let u(i) = 2*i - 3. Let q be (-2)/4*(-7 - -13). What is u(q)?
-9
Suppose 9*l = -3*x + 4*l - 3, -3*l = 5*x + 5. Let p(c) = -4*c. Calculate p(x).
4
Let k(h) = -11*h - 3 + 11*h - h**2 - 4. Calculate k(0).
-7
Let s = -7 - -12. Suppose s*j + 2*c + 9 = 0, 4*j - 8*c - 4 = -4*c. Let m(o) = -10*o + 1. What is m(j)?
11
Let a(b) = 4*b**2 - 4*b**2 + b**2 - 7*b + 7 - 2*b**2. Let n be a(-8). Let f(g) = 5*g**2 - g - 1. Give f(n).
5
Suppose 4*y = -0*y - 12. Let m(s) = -2*s - 4*s**2 + 3*s**2 - 14127 + 14129. Calculate m(y).
-1
Let w be 2 + 2/(4/2). Let u = w - -2. Let d(g) = g**3 - 5*g**2 - g + 1. Give d(u).
-4
Let d(i) = -115 + 115 + 6*i**2. What is d(-1)?
6
Let u(b) = 16*b**2 - 10*b - 22. Let s(d) = 5*d**2 - 3*d - 7. Let g(c) = 7*s(c) - 2*u(c). Let n(o) be the first derivative of g(o). Determine n(1).
5
Let y(x) be the third derivative of -x**8/20160 - x**7/1260 + x**6/240 - x**5/30 + 4*x**2. Let o(d) be the third derivative of y(d). What is o(-3)?
6
Let i be 15/3*9/(-15). Let v(l) = 3 - l + l + 2*l. What is v(i)?
-3
Let t = -3 + 7. Let r(q) = -q - 4 + t*q + 3 - 2*q. Determine r(1).
0
Let w(j) be the second derivative of -j**4/6 + 7*j**3/6 - 3*j**2 - 3*j. Let g(u) = -u**3 - u**2 - u - 2. Let o be g(-2). Calculate w(o).
-10
Let f(r) = -r - r**3 - 3*r**2 - r + 0*r + 0*r**2. Suppose -10 + 4 = 3*a. Calculate f(a).
0
Let i be (-2)/(2*-1) + 2. Let q(o) = 2*o + 8. Let d(r) = -r - 3 + 2 + 4*r - 4*r. Let f(u) = 3*d(u) + q(u). Give f(i).
2
Let v(m) be the third derivative of 0*m + 1/12*m**4 + 0 + 1/120*m**6 - m**2 + 1/6*m**3 + 1/20*m**5. Suppose f - 2*l - 5 = 0, -f - 4*l = 2*f + 25. Give v(f).
-5
Let s(g) = g**3 + 5*g**2 + 4*g - 2. Let h be 4*(6/(-4) - -2). Suppose -3 = h*b + 5. Let n(k) = k**3 + 3*k**2 - 4*k - 4. Let j be n(b). What is s(j)?
-2
Let r(n) be the third derivative of -n**6/120 + n**5/20 + n**4/8 + 2*n**3/3 - 7*n**2. What is r(3)?
13
Let r(v) = v**3 - 5*v**2 + 5*v + 2. Let x be (-22)/(-99) - 34/(-9). What is r(x)?
6
Let t(j) = 7*j + 1. Let h(s) be the third derivative of s**4/4 + 2*s**2. Let x(y) = -6*h(y) + 5*t(y). Give x(4).
1
Suppose -m = 4 + 1, 3*p - 10 = -m. Let n(z) be the third derivative of 0*z + 0 - 1/60*z**5 + 7/24*z**4 + z**2 - 5/6*z**3. What is n(p)?
5
Let x(o) = -3*o**2 - 3*o - 3. Let h(k) = -k**2 - k - 1. Let q(a) = -5*h(a) + 2*x(a). Give q(-4).
-13
Suppose 3*p = -p. Let d be -3*(p - -28)/2. Let b be 1/5 - d/15. Let a(r) = -2*r + 1. What is a(b)?
-5
Let k(a) = 3*a**3 - 5*a**2. Let d(l) = 7*l**3 - 11*l**2 + 1. Let z(j) = -4*d(j) + 9*k(j). What is z(0)?
-4
Let q(m) = m + 2. Let n(j) = j + 3. Let i(y) = 3*n(y) - 4*q(y). Let g be i(-4). Let r(b) be the first derivative of b**3/3 - 7*b**2/2 + 2*b + 1. Calculate r(g).
-8
Let o(v) be the first derivative of -3 - 5/3*v**3 - v - 1/2*v**2. What is o(-1)?
-5
Let c(g) be the third derivative of -g**5/30 - g**4/8 + g**3/2 - 22*g**2. Suppose 4*v - 5*a = -33, -2*v + 5*a - 3*a = 14. Let w be 10/v + (-2)/(-1). Give c(w).
-6
Let j(o) be the third derivative of o**2 + 1/24*o**4 + 1/2*o**3 + 0 + 0*o. Suppose 3*z + 0*z = 0. Calculate j(z).
3
Let f(v) = -3*v**2 + 9*v - 2. Let s(i) = -4*i**2 + 10*i - 1. Let m(b) = 5*f(b) - 4*s(b). Give m(-6).
0
Let r(l) be the second derivative of -l**4/12 - l**3 + 3*l**2/2 - 7*l. Determine r(-5).
8
Suppose -3*k + 10 = 2*k + 5*d, 0 = -4*k - 5*d + 8. Let m(u) be the second derivative of u**3/2 + u**2/2 + 2*u. Give m(k).
7
Let z(r) = 14*r**3 + 5*r**2 + 5*r + 3. Let a(d) = -14*d**3 - 6*d**2 - 6*d - 4. Let x(c) = 4*a(c) + 5*z(c). Let l = -3 - -4. Calculate x(l).
15
Suppose -5*l + 0 = 25. Let k be l/((-5)/2)*1. Let v(m) = -4*m**2 + 3*m - 2. Give v(k).
-12
Let z(i) = -58*i + 6 + 57*i + 1 + 0. Determine z(6).
1
Let p(k) = -k**3 + 7*k**2 - 5*k - 5. Let h = -87 - -93. Determine p(h).
1
Let g(k) be the first derivative of 1/4*k**4 - k**3 + 2*k + 1/2*k**2 + 3. Let a be (0 - 6)*3/(-6). Dete